(-57)/(-12)*4*5. Let c = t + -89. What are the prime factors of (-1 + (-242)/c)*-3?
2, 31
Suppose -936326 - 1259665 = -243*c. What are the prime factors of c?
7, 1291
Let p = -20 + 3. Let r = -13 - p. Suppose 0 = z - 5*s - 93, -r*z + 5*s + 269 = -z. List the prime factors of z.
2, 11
Let q be 6*(21/(-36) - 3/(-12)). Let p be 2*(-3)/(-2) - q. Suppose -p*l + 327 = -113. What are the prime factors of l?
2, 11
Suppose 19 + 58 = 11*d. Suppose 2327 = d*r + 157. What are the prime factors of r?
2, 5, 31
What are the prime factors of (-110)/33*-1*2484?
2, 3, 5, 23
Let k be ((-2)/6)/(9*8/1728). What are the prime factors of ((-98)/4)/(k/80)?
5, 7
Let x(j) = -4*j**3 + 598*j**2 - 222*j - 106. List the prime factors of x(149).
2, 71, 79
Let i(p) = -1084*p - 1469. List the prime factors of i(-14).
3, 1523
Suppose 77*g - 420952 = 49*g. What are the prime factors of g?
2, 7517
Suppose -227943 - 475929 = -156*n. List the prime factors of n.
2, 3, 47
Let n = 7346 + 90. What are the prime factors of n?
2, 11, 13
Suppose -3*r + 38946 = -2*l, 854*l = -3*r + 852*l + 38934. What are the prime factors of r?
2, 5, 11, 59
Let q = 21161 + -10771. List the prime factors of q.
2, 5, 1039
Let h(n) = n**2 + 68*n - 27. List the prime factors of h(7).
2, 3, 83
Let m(n) = 25*n**2 + 138*n + 3024. What are the prime factors of m(-23)?
5, 523
Suppose -2*w - 4*x = -2*x - 61774, 92636 = 3*w - 2*x. What are the prime factors of w?
2, 3, 5147
Suppose 26846 = -107*t + 108*t - 2*a, 2*a = -3*t + 80474. What are the prime factors of t?
2, 5, 2683
Let w(v) = 646*v**2 + 48*v + 323. What are the prime factors of w(-6)?
23291
Suppose 163*g = 166*g + 4*u - 152760, -5*g - 5*u + 254615 = 0. What are the prime factors of g?
2, 7, 17, 107
Let k(f) = 16*f**3 - 11*f**2 + 10*f - 11. Let d(l) = -2*l**3 + l**2 - l - 1. Let n(x) = 4*d(x) + k(x). List the prime factors of n(5).
2, 3, 5, 7
Let j(i) = i**3 - 35*i**2 - 496*i - 31. What are the prime factors of j(55)?
3, 13, 23, 37
Suppose -690*u + 687*u - 5*j = -63084, 5*j = -4*u + 84107. List the prime factors of u.
21023
Let a(p) = 748*p + 16. Let l be a(8). Let u be (0 - l/(-14)) + (-12)/21. Let o = 608 - u. List the prime factors of o.
2, 3, 5
Suppose 5*k - 2*l - 222 = -0*k, 5*k - 3*l = 223. Let v = -40 + k. Suppose 0 = v*d + 8 + 4, 0 = p - 3*d - 32. What are the prime factors of p?
23
Let m(k) = -35*k + 5*k**2 + 2 - 33*k - 41*k + 119*k. Let n be m(-8). List the prime factors of (-135)/(-30)*(-1 - n/(-6)).
3, 59
What are the prime factors of -12 + 30 - (-1333876)/38?
2, 5, 439
Suppose 96451 = 21*m - 5315. Suppose 0 = 4*a + 2*i - m + 1758, -5*a = 5*i - 3860. List the prime factors of a.
2, 193
Let k = 39 - -52. Suppose -56*j = -49*j + k. Let a(w) = w**3 + 12*w**2 - 30*w - 15. What are the prime factors of a(j)?
2, 103
Let o = -25892 + 37188. List the prime factors of o.
2, 353
Let h be (-6)/6*1*7*-77. Let i = 894 - h. List the prime factors of i.
5, 71
Let w be 2/(-4)*-2 + 179. Let k = w + -366. Let t = k - -328. What are the prime factors of t?
2, 71
What are the prime factors of ((-4)/3)/(50/(-45)*(-7)/(-69195))?
2, 3, 659
Let y be (-6 - 2/(-1))*-2. List the prime factors of (y + (-5 - 0))*-1 + 970.
967
Let x = -5241 - -11438. List the prime factors of x.
6197
Let q be 2/5 - (-58)/5. Suppose -r = b - 187, 186*b - 183*b + 2*r - 559 = 0. Suppose 0 = u - w - b, -q + 0 = 3*w. What are the prime factors of u?
181
Suppose 42293 = 41*m - 15640. Suppose 4*u + 5*t = m + 2622, 4*t = 12. List the prime factors of u.
3, 5, 67
Suppose 0*q - 450 = -10*q. Suppose -35*h = -q*h + 3460. List the prime factors of h.
2, 173
Suppose -23 - 1 = -6*n. Let v(a) = 6*a - 8. Let t be v(n). List the prime factors of t + -13 + -1 + 69.
71
Suppose -324*b + 47626360 = 280*b - 80*b. List the prime factors of b.
2, 5, 61, 149
Suppose h = -4*a + 18958, 37979 = 2*h + 18*a - 19*a. What are the prime factors of h?
2, 11, 863
Suppose -58*r = -46*r - 34176. List the prime factors of r.
2, 89
Suppose 3*t + 4*f + 52 = 0, 15 = -5*t - f - 49. List the prime factors of (4/t)/(4*(-4)/41328).
3, 7, 41
Let q(m) = 2*m**3 - 13*m**2 - 12*m - 20. Let y be q(7). List the prime factors of (-10527)/y + (-2)/5.
191
Let a = -185 - -194. Let k(t) = 12*t + 108. What are the prime factors of k(a)?
2, 3
Suppose 88 + 52 = -2*t. Let g = t + 75. Suppose -g*w + 227 = -123. List the prime factors of w.
2, 5, 7
Let q(f) = -f**2 - 32*f + 33. Let s be q(-33). What are the prime factors of 49/(s + 7) + 278?
3, 5, 19
Let n be (30/(-9))/((-5)/90). Let q be (30/(-8))/(3/n). Let m = q + 129. What are the prime factors of m?
2, 3
Let t(y) = 18237*y**3 - 8*y**2 + 7*y + 1. What are the prime factors of t(1)?
3, 6079
Let d be -3 + (11 + -16)*172/(-5). Suppose -8*a - d = -897. What are the prime factors of a?
7, 13
Let c(p) = p**3 + 22*p**2 - 41*p + 75. What are the prime factors of c(-23)?
3, 163
Suppose -925*w = -933*w + 16. Suppose 5*f + 2*a = 2552, -w*f + 749 = -a - 279. List the prime factors of f.
2
Let u = 148216 - 105323. List the prime factors of u.
59, 727
Let q = -6974 - -57832. List the prime factors of q.
2, 59, 431
Let g = 70 - 127. Let m = -56 - g. List the prime factors of 1248/8 - (-2 + m).
157
Let l(i) = 3249*i - 1900. List the prime factors of l(7).
19, 1097
Suppose -2*g - 3*a + 7338 = 0, 2*g + 6*a = 4741 + 2591. What are the prime factors of g?
2, 3, 17
Let m = 23132 + -15992. What are the prime factors of m?
2, 3, 5, 7, 17
Suppose -3*j = -16816 - 1367. Suppose 10*c = 2559 + j. List the prime factors of c.
2, 431
Let b = -137 + 141. Suppose -6*o - 4 = -2*o, 4*o = -b*m + 1084. What are the prime factors of m?
2, 17
Suppose -s - 28 = 3*d + 3*s, 0 = 2*d + 3*s + 19. Let i(g) = 4*g**3 + 3*g**2 + 17*g + 2. Let y be i(-14). List the prime factors of y/(-104) - d/(-52).
2, 3, 17
Let l = -41 + 189. Let k = 107 - 35. Let b = l - k. List the prime factors of b.
2, 19
Let d(y) be the first derivative of -5*y**2 - y + 4. Let v be d(4). Let i = 115 + v. List the prime factors of i.
2, 37
Suppose 33*f = -5*u + 32*f + 3912, -4*f = 12. Suppose 9*a = 12*a - u. What are the prime factors of a?
3, 29
Let d be 393 + -6 + 1 + -4. Suppose d = 16*z - 12*z. Let u = z - 57. What are the prime factors of u?
3, 13
What are the prime factors of (-365014)/(-12) + (-6303)/3438?
2, 1901
Let k be (70/(-20))/(4 - 6285/1572). Let d = 3107 + k. List the prime factors of d.
19, 67
Let j(f) = 22*f**3 - 14*f**2. Let u(a) = 64*a**3 - 40*a**2. Let l(r) = 8*j(r) - 3*u(r). List the prime factors of l(-4).
2, 3
Let a(b) = 13*b - 57. Let r be a(5). What are the prime factors of r/(264/8409) + 4/22?
3, 5, 17
What are the prime factors of 19857/(-4)*(-4608)/864?
2, 6619
Let u(l) = 11*l - 14. Let g(t) = t**2 - 11*t - 28. Let r be g(13). Let h(f) = -23*f + 27. Let z(a) = r*h(a) - 5*u(a). List the prime factors of z(-5).
61
Suppose -245354 = -19*i + 74157 + 28474. List the prime factors of i.
3, 5, 11, 37
Suppose -2*r - 5*p = -352 - 3169, -5*p = -5*r + 8890. What are the prime factors of r?
3, 197
Suppose -35*d + 30*d = 4*a - 24, d + 6 = a. What are the prime factors of -1 + 7594/a + 46/(-69)?
2, 79
Suppose 4*v + 7*h - 4*h = 17, -v = 4*h - 1. Let l(i) = 5*i**3 - 12*i**2 + 8*i + 10. What are the prime factors of l(v)?
3, 5
Suppose -82 = -33*c + 83. Suppose f - 4*m = -3*f + 5396, c*f - 3*m = 6755. What are the prime factors of f?
2, 677
List the prime factors of -1*60042/30*-5.
10007
Suppose 19*s - 13*s = -48. Let b(o) = -o - 8. Let p be b(s). Suppose 11*i + 0*i - 1738 = p. What are the prime factors of i?
2, 79
Suppose 2*l = 2*s + 10 + 664, 1016 = 3*l + 2*s. Suppose -r + 136 = -l. List the prime factors of r.
2, 3, 79
Let g = -119 + 137. Suppose 3576 = g*h - 12*h. What are the prime factors of h?
2, 149
Let a(y) = y - 8. Let z be a(10). Let c(n) = 4*n - 8. Let f be c(8). Suppose 0 = z*m, -5*m = -4*x - 2*m + f. List the prime factors of x.
2, 3
Suppose -i = 5*r - 14222, -27*r = i - 24*r - 14234. List the prime factors of i.
2, 7, 509
Let v be 29*(-1 + 5 - 2). Let o = -56 + v. Suppose 67 = 3*p - o*j, p + 2*p - j = 65. List the prime factors of p.
3, 7
List the prime factors of (-141)/(-1410) - (-123118)/20.
2, 3, 19
Suppose -281*t + 66*t + 306375 = 0. What are the prime factors of t?
3, 5, 19
Let p(m) = 2*m**2 - 86*m - 5655. List the prime factors of p(-1